 remainder when 482 is divided by 43?
9
Calculate the remainder when 2383 is divided by 31.
27
Calculate the remainder when 478 is divided by 10.
8
Calculate the remainder when 1233 is divided by 307.
5
Calculate the remainder when 1883 is divided by 126.
119
What is the remainder when 707 is divided by 179?
170
Calculate the remainder when 140 is divided by 35.
0
Calculate the remainder when 369 is divided by 31.
28
Calculate the remainder when 434 is divided by 30.
14
Calculate the remainder when 135 is divided by 54.
27
What is the remainder when 243 is divided by 8?
3
Calculate the remainder when 8316 is divided by 47.
44
What is the remainder when 9969 is divided by 249?
9
What is the remainder when 683 is divided by 115?
108
Calculate the remainder when 612 is divided by 47.
1
What is the remainder when 225 is divided by 9?
0
What is the remainder when 30 is divided by 11?
8
Calculate the remainder when 267 is divided by 54.
51
What is the remainder when 107 is divided by 10?
7
Calculate the remainder when 194 is divided by 11.
7
Calculate the remainder when 1443 is divided by 49.
22
What is the remainder when 209 is divided by 33?
11
Calculate the remainder when 49 is divided by 25.
24
What is the remainder when 94 is divided by 7?
3
What is the remainder when 232 is divided by 81?
70
What is the remainder when 1014 is divided by 338?
0
Calculate the remainder when 1934 is divided by 134.
58
What is the remainder when 528 is divided by 23?
22
What is the remainder when 9396 is divided by 37?
35
Calculate the remainder when 236 is divided by 15.
11
What is the remainder when 72 is divided by 32?
8
What is the remainder when 994 is divided by 177?
109
Calculate the remainder when 1028 is divided by 37.
29
Calculate the remainder when 849 is divided by 173.
157
Calculate the remainder when 10695 is divided by 19.
17
What is the remainder when 118 is divided by 12?
10
Calculate the remainder when 97 is divided by 28.
13
Calculate the remainder when 978 is divided by 3.
0
Calculate the remainder when 12590 is divided by 16.
14
Calculate the remainder when 583 is divided by 200.
183
Calculate the remainder when 60 is divided by 56.
4
Calculate the remainder when 652 is divided by 131.
128
What is the remainder when 2267 is divided by 7?
6
Calculate the remainder when 132 is divided by 62.
8
What is the remainder when 7036 is divided by 207?
205
What is the remainder when 692 is divided by 78?
68
Calculate the remainder when 311 is divided by 46.
35
What is the remainder when 118 is divided by 73?
45
What is the remainder when 539 is divided by 60?
59
Calculate the remainder when 793 is divided by 394.
5
Calculate the remainder when 476 is divided by 62.
42
Calculate the remainder when 596 is divided by 15.
11
What is the remainder when 530 is divided by 144?
98
What is the remainder when 144 is divided by 18?
0
Calculate the remainder when 136 is divided by 79.
57
What is the remainder when 3120 is divided by 780?
0
What is the remainder when 79 is divided by 28?
23
Calculate the remainder when 9047 is divided by 323.
3
Calculate the remainder when 87 is divided by 19.
11
What is the remainder when 75 is divided by 9?
3
Calculate the remainder when 8616 is divided by 40.
16
What is the remainder when 8585 is divided by 31?
29
What is the remainder when 714 is divided by 705?
9
What is the remainder when 451 is divided by 129?
64
What is the remainder when 966 is divided by 39?
30
What is the remainder when 57 is divided by 33?
24
What is the remainder when 206 is divided by 65?
11
What is the remainder when 1784 is divided by 12?
8
Calculate the remainder when 2254 is divided by 207.
184
Calculate the remainder when 3807 is divided by 24.
15
Calculate the remainder when 1659 is divided by 1648.
11
What is the remainder when 25479 is divided by 260?
259
What is the remainder when 271 is divided by 86?
13
Calculate the remainder when 985 is divided by 319.
28
Calculate the remainder when 79 is divided by 11.
2
Calculate the remainder when 5367 is divided by 446.
15
What is the remainder when 429 is divided by 73?
64
What is the remainder when 10618 is divided by 20?
18
Calculate the remainder when 95 is divided by 25.
20
What is the remainder when 252 is divided by 32?
28
What is the remainder when 197 is divided by 40?
37
What is the remainder when 1812 is divided by 7?
6
What is the remainder when 1246 is divided by 6?
4
Calculate the remainder when 143 is divided by 29.
27
What is the remainder when 810 is divided by 32?
10
Calculate the remainder when 2539 is divided by 88.
75
What is the remainder when 320 is divided by 110?
100
Calculate the remainder when 36 is divided by 4.
0
What is the remainder when 117 is divided by 30?
27
Calculate the remainder when 32 is divided by 14.
4
Calculate the remainder when 41 is divided by 19.
3
Calculate the remainder when 485 is divided by 81.
80
What is the remainder when 29398 is divided by 140?
138
Calculate the remainder when 139 is divided by 47.
45
Calculate the remainder when 76 is divided by 30.
16
Calculate the remainder when 874 is divided by 176.
170
Calculate the remainder when 201 is divided by 97.
7
What is the remainder when 253 is divided by 121?
11
What is the remainder when 1210 is divided by 411?
388
Calculate the remainder when 1301 is divided by 7.
6
Calculate the remainder when 406 is divided by 10.
6
What is the remainder when 1058 is divided by 28?
22
Calculate the remainder when 463 is divided by 34.
21
What is the remainder when 566 is divided by 191?
184
Calculate the remainder when 27 is divided by 18.
9
Calculate the remainder when 563 is divided by 109.
18
What is the remainder when 66 is divided by 38?
28
Calculate the remainder when 709 is divided by 90.
79
Calculate the remainder when 117 is divided by 32.
21
What is the remainder when 154 is divided by 48?
10
What is the remainder when 605 is divided by 168?
101
Calculate the remainder when 94 is divided by 7.
3
Calculate the remainder when 253 is divided by 43.
38
Calculate the remainder when 199 is divided by 194.
5
Calculate the remainder when 403 is divided by 15.
13
Calculate the remainder when 1095 is divided by 18.
15
Calculate the remainder when 289 is divided by 65.
29
Calculate the remainder when 11 is divided by 5.
1
Calculate the remainder when 85 is divided by 22.
19
Calculate the remainder when 110 is divided by 14.
12
Calculate the remainder when 91 is divided by 77.
14
What is the remainder when 35 is divided by 10?
5
Calculate the remainder when 233 is divided by 48.
41
What is the remainder when 1343 is divided by 72?
47
Calculate the remainder when 126 is divided by 32.
30
Calculate the remainder when 1143 is divided by 4.
3
What is the remainder when 774 is divided by 247?
33
Calculate the remainder when 384 is divided by 100.
84
What is the remainder when 300 is divided by 80?
60
Calculate the remainder when 371 is divided by 63.
56
Calculate the remainder when 183 is divided by 66.
51
What is the remainder when 1119 is divided by 70?
69
What is the remainder when 223 is divided by 45?
43
What is the remainder when 141 is divided by 88?
53
What is the remainder when 144 is divided by 31?
20
Calculate the remainder when 304 is divided by 97.
13
Calculate the remainder when 2880 is divided by 28.
24
Calculate the remainder when 88 is divided by 71.
17
What is the remainder when 936 is divided by 55?
1
What is the remainder when 298 is divided by 194?
104
What is the remainder when 4240 is divided by 42?
40
Calculate the remainder when 299 is divided by 142.
15
What is the remainder when 9474 is divided by 117?
114
Calculate the remainder when 1596 is divided by 26.
10
What is the remainder when 187 is divided by 84?
19
Calculate the remainder when 3312 is divided by 828.
0
What is the remainder when 73 is divided by 61?
12
What is the remainder when 160 is divided by 55?
50
Calculate the remainder when 281 is divided by 94.
93
What is the remainder when 2760 is divided by 71?
62
Calculate the remainder when 4301 is divided by 16.
13
What is the remainder when 634 is divided by 45?
4
Calculate the remainder when 6776 is divided by 154.
0
What is the remainder when 3426 is divided by 433?
395
Cal